 -1000110011011110?
-1000110011011011
In base 7, what is 126 - 204223?
-204064
In base 7, what is 2665 + -6?
2656
In base 13, what is -7 + -11409?
-11413
In base 9, what is -1210 + -575?
-1785
In base 6, what is -4 - -142111?
142103
In base 5, what is 140041 + -12?
140024
In base 7, what is 2624666 - 6?
2624660
In base 4, what is 1 - 3221222?
-3221221
In base 6, what is 5221 + -11345?
-2124
In base 2, what is 1110 - -1001101011110000?
1001101011111110
In base 4, what is 312 - 1103200?
-1102222
In base 14, what is -3c6 - -35?
-391
In base 7, what is -1353 - -122?
-1231
In base 9, what is 12785 - 10?
12775
In base 15, what is -14 - 73c?
-751
In base 10, what is 2 - 44769?
-44767
In base 16, what is -423 - 12?
-435
In base 16, what is 0 - -9ffb?
9ffb
In base 12, what is -9408b3 + 4?
-9408ab
In base 9, what is -21 - -25715?
25684
In base 14, what is -5 + 3a203?
3a1dc
In base 6, what is 4 + -45453?
-45445
In base 5, what is 34204300 - 10?
34204240
In base 4, what is -1113310 + 2?
-1113302
In base 15, what is -1 + -5c798?
-5c799
In base 14, what is -35d + 5c?
-301
In base 6, what is 5 - 2155?
-2150
In base 15, what is -5636 + -3?
-5639
In base 7, what is 121366 + -1?
121365
In base 7, what is 5444233 - -5?
5444241
In base 10, what is -10781 + 2?
-10779
In base 3, what is 10001 + -120002?
-110001
In base 15, what is da - -eb4?
109e
In base 10, what is -7284 - 71?
-7355
In base 3, what is 220101 - 2?
220022
In base 10, what is 21 - 11463?
-11442
In base 8, what is -432610 + 4?
-432604
In base 14, what is 210 - -11?
221
In base 3, what is 11122 + 21220100?
22001222
In base 6, what is 105214110 - -2?
105214112
In base 8, what is 1 + -6471726?
-6471725
In base 12, what is -2ba32 - -3?
-2ba2b
In base 12, what is 199a6 + 4?
199aa
In base 5, what is 14310 + 3024?
22334
In base 9, what is -508004 + 2?
-508002
In base 11, what is 3 + -1373?
-1370
In base 10, what is 1 + -8037?
-8036
In base 16, what is 206 + -e72?
-c6c
In base 5, what is -33304 - 0?
-33304
In base 11, what is 4726 - 1?
4725
In base 8, what is 2 + -3060571?
-3060567
In base 15, what is -16 - -43724?
4370d
In base 5, what is -342 + -20312?
-21204
In base 15, what is -19 - -e0?
c6
In base 8, what is -51171 - -5?
-51164
In base 12, what is -1232 + 6?
-1228
In base 14, what is ad7 - 49?
a8c
In base 12, what is -121529 + -2?
-12152b
In base 2, what is 101010101011 - -1001011?
101011110110
In base 9, what is -1023 + -36?
-1060
In base 2, what is -10000011011 + 1101?
-10000001110
In base 10, what is -18359 + -6?
-18365
In base 15, what is -45 + 4ed?
4a8
In base 7, what is -4 + 15163?
15156
In base 16, what is -21 + -8a81?
-8aa2
In base 13, what is 5 - -153a2?
153a7
In base 14, what is 2 + -1cac?
-1caa
In base 10, what is 909 + 7?
916
In base 4, what is 12121 - 121212?
-103031
In base 9, what is 3 + 38865?
38868
In base 2, what is -10 - 100100001100111011?
-100100001100111101
In base 2, what is -100011000100 + 11000011?
-100000000001
In base 2, what is 100 - -10101110001100?
10101110010000
In base 10, what is 660935 - -4?
660939
In base 2, what is -10 + 1101001110101001?
1101001110100111
In base 5, what is -1301004 - -3?
-1301001
In base 2, what is -101111001101 + -10?
-101111001111
In base 7, what is -13323 + 13?
-13310
In base 6, what is 32 + 40300?
40332
In base 14, what is -c - -23588?
2357a
In base 5, what is -2132410 - 20?
-2132430
In base 3, what is -1111001001 + -10?
-1111001011
In base 13, what is -1503a - -14?
-15026
In base 13, what is -13370 - -3?
-1336a
In base 16, what is a65 + c7?
b2c
In base 15, what is 4 - 2cce?
-2cca
In base 12, what is -3044 + 4?
-3040
In base 7, what is -2200 - 144?
-2344
In base 4, what is -23331 - -1110?
-22221
In base 8, what is -1672 + -176?
-2070
In base 8, what is 6 - -1036655?
1036663
In base 13, what is -1334 + -45?
-1379
In base 11, what is 5603 - -a3?
56a6
In base 7, what is -1 + -5465365?
-5465366
In base 14, what is 345 - -a9?
410
In base 7, what is 1 + -3262051?
-3262050
In base 14, what is -1 + -11a58?
-11a59
In base 6, what is -355134 - 0?
-355134
In base 3, what is -11212102110020 + 11?
-11212102110002
In base 5, what is 2232410 - 3?
2232402
In base 14, what is 800 + 49c?
c9c
In base 7, what is 36 - 1300?
-1231
In base 2, what is 111001100111 - -100111000?
111110011111
In base 7, what is -110405 - 44?
-110452
In base 9, what is 1 - 11316?
-11315
In base 8, what is 147 + -2415?
-2246
In base 12, what is 30 - -421?
451
In base 16, what is 39 - -24?
5d
In base 3, what is -1121102 - 10?
-1121112
In base 4, what is -200133 + -11?
-200210
In base 15, what is 8dd - -44?
932
In base 14, what is 44c + -2?
44a
In base 9, what is 155 - 201?
-35
In base 12, what is 76814 - -3?
76817
In base 12, what is -8 + 1a20?
1a14
In base 16, what is -3 + -c80e?
-c811
In base 12, what is -64 - -3078?
3014
In base 5, what is 2213112 + 21?
2213133
In base 14, what is -4 - 64c?
-652
In base 11, what is 16a5 - 22?
1683
In base 10, what is 7 + 689?
696
In base 13, what is -12c + -22c?
-35b
In base 7, what is 14425 - 225?
14200
In base 13, what is -7014 + 5?
-700c
In base 14, what is 20b + 36?
243
In base 8, what is -3532360 + 4?
-3532354
In base 9, what is -326 + -10?
-336
In base 2, what is 100110010 - 100010011?
11111
In base 6, what is 3 + -20121?
-20114
In base 16, what is -b683d + 6?
-b6837
In base 3, what is 10202100102 + -11?
10202100021
In base 14, what is b0079 - -1?
b007a
In base 16, what is -7c47 + -f?
-7c56
In base 6, what is 2 - -2032333?
2032335
In base 9, what is -814 + 762?
-42
In base 12, what is -50253 - -15?
-5023a
In base 7, what is -202613035 + 5?
-202613030
In base 16, what is 12 + 1ed?
1ff
In base 11, what is -10 - -14329?
14319
In base 2, what is 10 - 101110111101001?
-101110111100111
In base 5, what is -4420442 + -10?
-4421002
In base 15, what is -1be + 1230?
1061
In base 7, what is -113213 + -2?
-113215
In base 8, what is 202016 - 2?
202014
In base 4, what is -13 - -2011313102?
2011313023
In base 13, what is -28 - 18a6?
-1901
In base 5, what is 10 + 223021303?
223021313
In base 7, what is 1 - -103524?
103525
In base 11, what is 5 + 74080?
74085
In base 11, what is 391 - -212?
5a3
In base 14, what is 22b2 - 3?
22ad
In base 7, what is -1 - 24244?
-24245
In base 9, what is 4 - 45577?
-45573
In base 3, what is -11 + 2100101010?
2100100222
In base 4, what is -3 + -11020001?
-11020010
In base 12, what is -4 - 2713?
-2717
In base 6, what is 4131 + 1111?
5242
In base 13, what is 5 + bb02?
bb07
In base 13, what is -1425 - -6?
-141c
In base 5, what is 401 - -31?
432
In base 12, what is -8bb + 26?
-895
In base 2, what is -100 + 110110111?
110110011
In base 10, what is -6495 + -17?
-6512
In base 10, what is -4 + -8189?
-8193
In base 15, what is 118da - -6?
118e1
In base 8, what is -46363 + -5?
-46370
In base 14, what is 40d51 + 32?
40d83
In base 3, what is 212022022 - 2?
212022020
In base 2, what is -1101010110 - 111000011?
-10100011001
In base 3, what is -20 + -12001002210?
-12001010000
In base 10, what is -1742179 + -1?
-1742180
In base 3, what is -201200101 + 12?
-201200012
In base 5, what is -31220 + -210?
-31430
In base 6, what is -5554 - -142?
-5412
In base 8, what is -214 + -1114?
-1330
In base 5, what is 0 - -231143?
231143
In base 7, what is -1 - -1646?
1645
In base 14, what is -54 + -9c?
-112
In base 7, what is 2 + -1622052?
-1622050
In base 5, what is -3220111 + -104?
-3220220
In base 2, what is -10110010111010011 + -100?
-10110010111010111
In base 14, what is 2 + 9?
b
In base 6, what is -1033144 - -5?
-1033135
In base 16, what is 3a - -3167?
31a1
In base 6, what is 5224355 - 2?
5224353
In base 3, what is 102120110 - -1112?
102121222
In base 11, what is 35 + -2124?
-209a
In base 3, what is 12211002022 - -12?
12211002111
In base 12, what is -196 + 162b?
1455
In base 12, what is b28 + -1a?
b0a
In base 11, what is -17 + 4907?
48a0
In base 5, what is -1341 + 2333?
442
In base 15, what is 2 - -24784?
24786
In base 4, what is 1200 - -1303?
3103
In base 16, what is 81d99 - -3?
81d9c
In base 5, what is -1130442 + -2?
-1130444
In base 13, what is 1 - 4c55?
-4c54
In base 3, what is -22121 + 1220012?
1120121
In base 6, what is -1 - 2251245?
-2251250
In base 14, what is 156 - -36?
18c
In base 2, what is -1101111110111000001 + -11?
-1101111110111000100
In base 9